{"id":7,"date":"2024-02-21T11:47:20","date_gmt":"2024-02-21T10:47:20","guid":{"rendered":"http:\/\/mademaco.com\/?page_id=7"},"modified":"2025-03-07T09:29:22","modified_gmt":"2025-03-07T08:29:22","slug":"accueil","status":"publish","type":"page","link":"https:\/\/mademaco.com\/index.php\/accueil\/","title":{"rendered":"Ex-Accueil"},"content":{"rendered":"<!--vcv no format--><!-- vcwb\/dynamicElementComment:9d941511 --><!-- vcwb\/dynamicElementComment:9d941511 -->\n<!-- vcwb\/dynamicElementComment:242aa96c -->\n<!-- vcwb\/dynamicElementComment:6357f2d7 -->\n\n<h1 class=\"wp-block-heading\" style=\"color: #32aba3;\">NOTRE BUT : FAIRE RIMER DIAB\u00c8TE AVEC F\u00caTE<\/h1>\n\n<!-- \/vcwb\/dynamicElementComment:6357f2d7 -->\n<!-- \/vcwb\/dynamicElementComment:242aa96c -->\n<!-- \/vcwb\/dynamicElementComment:9d941511 --><!--vcv no format--><!--vcv no format--><!-- vcwb\/dynamicElementComment:9d941511 --><!-- vcwb\/dynamicElementComment:9d941511 -->\n<!-- vcwb\/dynamicElementComment:242aa96c -->\n<!-- vcwb\/dynamicElementComment:6357f2d7 -->\n\n<p style=\"color: #121212; font-size: 17px;\">Quand une maman designer et une mamie couturi\u00e8re associent leurs talents pour mettre de la couleur dans le quotidien des familles d&rsquo;enfants diab\u00e9tiques.<\/p>\n\n<!-- \/vcwb\/dynamicElementComment:6357f2d7 -->\n<!-- \/vcwb\/dynamicElementComment:242aa96c -->\n<!-- \/vcwb\/dynamicElementComment:9d941511 --><!--vcv no format-->\t\t\n\t\t\t\t\t\t\t\t\t\t\t\t\t<img fetchpriority=\"high\" decoding=\"async\" width=\"420\" height=\"468\" src=\"http:\/\/mademaco.com\/wp-content\/uploads\/2024\/10\/Fichier-3@2x.png\" alt=\"\" srcset=\"https:\/\/mademaco.com\/wp-content\/uploads\/2024\/10\/Fichier-3@2x.png 420w, https:\/\/mademaco.com\/wp-content\/uploads\/2024\/10\/Fichier-3@2x-269x300.png 269w, https:\/\/mademaco.com\/wp-content\/uploads\/2024\/10\/Fichier-3@2x-320x357.png 320w, https:\/\/mademaco.com\/wp-content\/uploads\/2024\/10\/Fichier-3@2x-416x464.png 416w\" sizes=\"(max-width: 420px) 100vw, 420px\" \/>\t\t\t\t\t\t\t\t\t\t\t\t\t\n\t\t<!--vcv no format--><!-- vcwb\/dynamicElementComment:9d941511 --><!-- vcwb\/dynamicElementComment:9d941511 -->\n<!-- vcwb\/dynamicElementComment:242aa96c -->\n<!-- vcwb\/dynamicElementComment:6357f2d7 -->\n\n<p>La double casquette de maman<br \/>Une maman concern\u00e9e par le diab\u00e8te de type 1 de ses deux enfants Mathis et Antonin<\/p>\n\n<!-- \/vcwb\/dynamicElementComment:6357f2d7 -->\n<!-- \/vcwb\/dynamicElementComment:242aa96c -->\n<!-- \/vcwb\/dynamicElementComment:9d941511 --><!--vcv no format-->\t\t\n\t\t\t\t\t\t\t\t\t\t\t\t\t<img decoding=\"async\" width=\"461\" height=\"1024\" src=\"http:\/\/mademaco.com\/wp-content\/uploads\/2024\/03\/429454678_3982305231984069_2405246823933768889_n-461x1024.jpg\" alt=\"\" srcset=\"https:\/\/mademaco.com\/wp-content\/uploads\/2024\/03\/429454678_3982305231984069_2405246823933768889_n-461x1024.jpg 461w, https:\/\/mademaco.com\/wp-content\/uploads\/2024\/03\/429454678_3982305231984069_2405246823933768889_n-416x924.jpg 416w, https:\/\/mademaco.com\/wp-content\/uploads\/2024\/03\/429454678_3982305231984069_2405246823933768889_n-135x300.jpg 135w, https:\/\/mademaco.com\/wp-content\/uploads\/2024\/03\/429454678_3982305231984069_2405246823933768889_n-768x1707.jpg 768w, https:\/\/mademaco.com\/wp-content\/uploads\/2024\/03\/429454678_3982305231984069_2405246823933768889_n-691x1536.jpg 691w, https:\/\/mademaco.com\/wp-content\/uploads\/2024\/03\/429454678_3982305231984069_2405246823933768889_n.jpg 900w\" sizes=\"(max-width: 461px) 100vw, 461px\" \/>\t\t\t\t\t\t\t\t\t\t\t\t\t\n\t\t<!--vcv no format--><!-- vcwb\/dynamicElementComment:9d941511 --><!-- vcwb\/dynamicElementComment:9d941511 -->\n<!-- vcwb\/dynamicElementComment:242aa96c -->\n<!-- vcwb\/dynamicElementComment:6357f2d7 -->\n\n<p>Les doigts de f\u00e9e de mamie<br \/>Une mamie couturi\u00e8re qui met ses comp\u00e9tences de couturi\u00e8re au service de familles d&rsquo;enfants diab\u00e9tiques depuis 2015.\u00a0<\/p>\n\n<!-- \/vcwb\/dynamicElementComment:6357f2d7 -->\n<!-- \/vcwb\/dynamicElementComment:242aa96c -->\n<!-- \/vcwb\/dynamicElementComment:9d941511 --><!--vcv no format-->\t\t\n\t\t\t\t\t\t\t\t\t\t\t\t\t<img decoding=\"async\" width=\"789\" height=\"1024\" src=\"http:\/\/mademaco.com\/wp-content\/uploads\/2024\/02\/IMG_8241-789x1024.jpeg\" alt=\"\" srcset=\"https:\/\/mademaco.com\/wp-content\/uploads\/2024\/02\/IMG_8241-789x1024.jpeg 789w, https:\/\/mademaco.com\/wp-content\/uploads\/2024\/02\/IMG_8241-scaled-416x540.jpeg 416w, https:\/\/mademaco.com\/wp-content\/uploads\/2024\/02\/IMG_8241-231x300.jpeg 231w, https:\/\/mademaco.com\/wp-content\/uploads\/2024\/02\/IMG_8241-768x997.jpeg 768w, https:\/\/mademaco.com\/wp-content\/uploads\/2024\/02\/IMG_8241-1183x1536.jpeg 1183w, https:\/\/mademaco.com\/wp-content\/uploads\/2024\/02\/IMG_8241-1577x2048.jpeg 1577w, https:\/\/mademaco.com\/wp-content\/uploads\/2024\/02\/IMG_8241-scaled.jpeg 1971w\" sizes=\"(max-width: 789px) 100vw, 789px\" \/>\t\t\t\t\t\t\t\t\t\t\t\t\t\n\t\t<!--vcv no format--><!-- vcwb\/dynamicElementComment:9d941511 --><!-- vcwb\/dynamicElementComment:9d941511 -->\n<!-- vcwb\/dynamicElementComment:242aa96c -->\n<!-- vcwb\/dynamicElementComment:6357f2d7 -->\n\n<p>Notre complicit\u00e9 comme cl\u00e9<br \/>Travailler ensemble pour combiner nos pratiques et offrir de la joie et les bonnes ondes n\u00e9cessaires pour assurer dans la gestion du diab\u00e8te.\u00a0<\/p>\n\n<!-- \/vcwb\/dynamicElementComment:6357f2d7 -->\n<!-- \/vcwb\/dynamicElementComment:242aa96c -->\n<!-- \/vcwb\/dynamicElementComment:9d941511 --><!--vcv no format-->\t\t\n\t\t\t\t\t\t\t\t\t\t\t\t\t<img loading=\"lazy\" decoding=\"async\" width=\"405\" height=\"406\" src=\"http:\/\/mademaco.com\/wp-content\/uploads\/2024\/03\/Fichier-1@2x-1.png\" alt=\"\" srcset=\"https:\/\/mademaco.com\/wp-content\/uploads\/2024\/03\/Fichier-1@2x-1.png 405w, https:\/\/mademaco.com\/wp-content\/uploads\/2024\/03\/Fichier-1@2x-1-324x324.png 324w, https:\/\/mademaco.com\/wp-content\/uploads\/2024\/03\/Fichier-1@2x-1-100x100.png 100w, https:\/\/mademaco.com\/wp-content\/uploads\/2024\/03\/Fichier-1@2x-1-300x300.png 300w, https:\/\/mademaco.com\/wp-content\/uploads\/2024\/03\/Fichier-1@2x-1-150x150.png 150w\" sizes=\"(max-width: 405px) 100vw, 405px\" \/>\t\t\t\t\t\t\t\t\t\t\t\t\t\n\t\t<h2>NOTRE SOURCE D&rsquo;INSPIRATION<\/h2>\n<p><!-- \/wp:post-content --><!-- wp:paragraph {\"align\":\"left\",\"style\":{\"typography\":{\"fontSize\":17}},\"textColor\":\"neve-text-color\"} --><\/p>\n<p style=\"font-size: 17px;\">MADEMACO est avant tout une marque familiale. L\u2019entraide, le soutien et la joie de vivre nous guident dans cette belle aventure.<\/p>\t\t\n\t\t\t\t\t<a href=\"https:\/\/mademaco.com\/|!|vcvUploadUrl|!|\/2024\/03\/flyer-MADEMACO-MAJ-17032024.pdf\">\n\t\t\t\t\t\t\t\t\tTELECHARGER NOTRE PLAQUETTE\n\t\t\t\t\t<\/a>\n\t\t<h2>VOUS AVEZ DES IDEES PLEIN LES TIROIRS<\/h2>\n<p><!-- \/wp:paragraph --><!-- wp:paragraph {\"align\":\"left\",\"style\":{\"typography\":{\"fontSize\":17}},\"textColor\":\"neve-text-color\"} --><\/p>\n<p style=\"font-size: 17px;\">MADEMACO est la nouvelle marque \u00e0 votre \u00e9coute pour mettre en image et confectionner vos services ou produits au profit du bien vivre avec le diab\u00e8te.\u00a0<\/p>\t\t\n\t\t\t\t\t<a href=\"https:\/\/mademaco.com\/|!|vcvUploadUrl|!|\/2024\/03\/flyer-MADEMACO-MAJ-17032024.pdf\">\n\t\t\t\t\t\t\t\t\tTELECHARGER NOTRE PLAQUETTE\n\t\t\t\t\t<\/a>\n\t\t<p>Vous avez des id\u00e9es plein les tiroirs <br \/>mais il vous manque :<\/p>\t\t\n\t\t\t<h2>LE TEMPS<\/h2>\t\t\n\t\t<p>pour les mettre en oeuvre<\/p>\t\t\n\t\t\t<h2>LES COMPETENCES \nCREATIVES<\/h2>\t\t\n\t\t<p>pour les repr\u00e9senter\u00a0<\/p>\t\t\n\t\t\t<h2>L&rsquo;EXPERTISE<\/h2>\t\t\n\t\t<p>pour les mat\u00e9rialiser\u00a0<\/p>\t\t\n\t\t\t\t\t\t\t\t\t\t\t\t\t<img loading=\"lazy\" decoding=\"async\" width=\"955\" height=\"1024\" src=\"http:\/\/mademaco.com\/wp-content\/uploads\/2024\/03\/MADEMACO-ILLU-01-1-955x1024.jpg\" alt=\"\" srcset=\"https:\/\/mademaco.com\/wp-content\/uploads\/2024\/03\/MADEMACO-ILLU-01-1-955x1024.jpg 955w, https:\/\/mademaco.com\/wp-content\/uploads\/2024\/03\/MADEMACO-ILLU-01-1-416x446.jpg 416w, https:\/\/mademaco.com\/wp-content\/uploads\/2024\/03\/MADEMACO-ILLU-01-1-280x300.jpg 280w, https:\/\/mademaco.com\/wp-content\/uploads\/2024\/03\/MADEMACO-ILLU-01-1-768x823.jpg 768w, https:\/\/mademaco.com\/wp-content\/uploads\/2024\/03\/MADEMACO-ILLU-01-1.jpg 1250w\" sizes=\"(max-width: 955px) 100vw, 955px\" \/>\t\t\t\t\t\t\t\t\t\t\t\t\t\n\t\t\t<h2>1 MARQUE<\/h2>\t\t\n\t\t\t<h2>2 PROFESSIONNELLES <\/h2>\t\t\n\t\t\t<h2>3 POSSIBILITES<\/h2>\t\t\n\t\t<p>Vous avez une id\u00e9e et souhaitez mettre de la magie dans celle-ci : Sabine est l\u00e0 pour vous guider, cr\u00e9er et communiquer sur celle-ci aupr\u00e8s de vos patients. Vous avez besoin d\u2019une couturi\u00e8re, Rogyane est l\u00e0 pour d\u00e9gainer fils, tissus et patrons pour donner vie \u00e0 vos accessoires. Vous avez une id\u00e9e qui demande \u00e0 \u00eatre affin\u00e9e et confectionn\u00e9e, le duo est pr\u00eat \u00e0 vous accompagner dans cette belle aventure.<\/p>\t\t\n\t\t\t<h2>Notre actualit\u00e9 <\/h2>\t\t\n\t\t\t\t\t\t\t\t\t\t\t\t\t<img loading=\"lazy\" decoding=\"async\" width=\"768\" height=\"544\" src=\"http:\/\/mademaco.com\/wp-content\/uploads\/2024\/11\/affiche_ja2024.png\" alt=\"\" srcset=\"https:\/\/mademaco.com\/wp-content\/uploads\/2024\/11\/affiche_ja2024.png 768w, https:\/\/mademaco.com\/wp-content\/uploads\/2024\/11\/affiche_ja2024-300x213.png 300w, https:\/\/mademaco.com\/wp-content\/uploads\/2024\/11\/affiche_ja2024-416x295.png 416w\" sizes=\"(max-width: 768px) 100vw, 768px\" \/>\t\t\t\t\t\t\t\t\t\t\t\t\t\n\t\t\t\t\t\t\t\t\t\t\t\t\t<img decoding=\"async\" width=\"789\" height=\"1024\" src=\"http:\/\/mademaco.com\/wp-content\/uploads\/2024\/02\/IMG_8241-789x1024.jpeg\" alt=\"\" srcset=\"https:\/\/mademaco.com\/wp-content\/uploads\/2024\/02\/IMG_8241-789x1024.jpeg 789w, https:\/\/mademaco.com\/wp-content\/uploads\/2024\/02\/IMG_8241-scaled-416x540.jpeg 416w, https:\/\/mademaco.com\/wp-content\/uploads\/2024\/02\/IMG_8241-231x300.jpeg 231w, https:\/\/mademaco.com\/wp-content\/uploads\/2024\/02\/IMG_8241-768x997.jpeg 768w, https:\/\/mademaco.com\/wp-content\/uploads\/2024\/02\/IMG_8241-1183x1536.jpeg 1183w, https:\/\/mademaco.com\/wp-content\/uploads\/2024\/02\/IMG_8241-1577x2048.jpeg 1577w, https:\/\/mademaco.com\/wp-content\/uploads\/2024\/02\/IMG_8241-scaled.jpeg 1971w\" sizes=\"(max-width: 789px) 100vw, 789px\" \/>\t\t\t\t\t\t\t\t\t\t\t\t\t\n\t\t<p>\u201cJ\u2019ai plaisir \u00e0 partager mes astuces, \u00e0 d\u00e9velopper de beaux produits pour mettre de la couleur, de la magie et des sourires l\u00e0 o\u00f9 je passe.\u201d<\/p>\n<p>Sabine Bertrand, Maman designer de 2 enfants diab\u00e9tiques<\/p>\t\t\n\t\t\t\t\t<a href=\"https:\/\/mademaco.com\/index.php\/contact\/\">\n\t\t\t\t\t\t\t\t\tCONTACTER MADE, MAMAN DESIGNER\n\t\t\t\t\t<\/a>\n\t\t\t\t\t\t\t\t\t\t\t\t\t<img decoding=\"async\" width=\"461\" height=\"1024\" src=\"http:\/\/mademaco.com\/wp-content\/uploads\/2024\/03\/429454678_3982305231984069_2405246823933768889_n-461x1024.jpg\" alt=\"\" srcset=\"https:\/\/mademaco.com\/wp-content\/uploads\/2024\/03\/429454678_3982305231984069_2405246823933768889_n-461x1024.jpg 461w, https:\/\/mademaco.com\/wp-content\/uploads\/2024\/03\/429454678_3982305231984069_2405246823933768889_n-416x924.jpg 416w, https:\/\/mademaco.com\/wp-content\/uploads\/2024\/03\/429454678_3982305231984069_2405246823933768889_n-135x300.jpg 135w, https:\/\/mademaco.com\/wp-content\/uploads\/2024\/03\/429454678_3982305231984069_2405246823933768889_n-768x1707.jpg 768w, https:\/\/mademaco.com\/wp-content\/uploads\/2024\/03\/429454678_3982305231984069_2405246823933768889_n-691x1536.jpg 691w, https:\/\/mademaco.com\/wp-content\/uploads\/2024\/03\/429454678_3982305231984069_2405246823933768889_n.jpg 900w\" sizes=\"(max-width: 461px) 100vw, 461px\" \/>\t\t\t\t\t\t\t\t\t\t\t\t\t\n\t\t<p>\u201cJe suis heureuse de mettre mes comp\u00e9tences en couture pour fournir aux enfants, aux familles des accessoires adapt\u00e9s et qui facilitent leur quotidien.\u201d<\/p>\n<p>Rogyane Boucher, Mamie couturi\u00e8re de 2 petits enfants diab\u00e9tiques.<\/p>\t\t\n\t\t\t\t\t<a href=\"https:\/\/mademaco.com\/index.php\/contact\/\">\n\t\t\t\t\t\t\t\t\tCONTACTER MACO, MAMIE COUTURIERE\n\t\t\t\t\t<\/a>","protected":false},"excerpt":{"rendered":"<p>NOTRE BUT : FAIRE RIMER DIAB\u00c8TE AVEC F\u00caTE Quand une maman designer et une mamie couturi\u00e8re associent leurs talents pour mettre de la couleur dans le quotidien des familles d&rsquo;enfants diab\u00e9tiques. La double casquette de mamanUne maman concern\u00e9e par le diab\u00e8te de type 1 de ses deux enfants Mathis et Antonin Les doigts de f\u00e9e [&hellip;]<\/p>\n","protected":false},"author":1,"featured_media":0,"parent":0,"menu_order":0,"comment_status":"closed","ping_status":"closed","template":"","meta":{"footnotes":""},"class_list":["post-7","page","type-page","status-publish","hentry"],"_links":{"self":[{"href":"https:\/\/mademaco.com\/index.php\/wp-json\/wp\/v2\/pages\/7","targetHints":{"allow":["GET"]}}],"collection":[{"href":"https:\/\/mademaco.com\/index.php\/wp-json\/wp\/v2\/pages"}],"about":[{"href":"https:\/\/mademaco.com\/index.php\/wp-json\/wp\/v2\/types\/page"}],"author":[{"embeddable":true,"href":"https:\/\/mademaco.com\/index.php\/wp-json\/wp\/v2\/users\/1"}],"replies":[{"embeddable":true,"href":"https:\/\/mademaco.com\/index.php\/wp-json\/wp\/v2\/comments?post=7"}],"version-history":[{"count":67,"href":"https:\/\/mademaco.com\/index.php\/wp-json\/wp\/v2\/pages\/7\/revisions"}],"predecessor-version":[{"id":337,"href":"https:\/\/mademaco.com\/index.php\/wp-json\/wp\/v2\/pages\/7\/revisions\/337"}],"wp:attachment":[{"href":"https:\/\/mademaco.com\/index.php\/wp-json\/wp\/v2\/media?parent=7"}],"curies":[{"name":"wp","href":"https:\/\/api.w.org\/{rel}","templated":true}]}}